{"id":295,"date":"2024-08-30T08:03:14","date_gmt":"2024-08-30T08:03:14","guid":{"rendered":"https:\/\/profesinesajunga.eu\/?page_id=295"},"modified":"2026-03-31T18:43:52","modified_gmt":"2026-03-31T16:43:52","slug":"nvspl-kolektyvine-sutartis","status":"publish","type":"page","link":"https:\/\/profesinesajunga.eu\/index.php\/kolektyvines-sutartys\/nvspl-kolektyvine-sutartis\/","title":{"rendered":"NVSPL kolektyvin\u0117 sutartis"},"content":{"rendered":"\n<p>2026 m. kovo 31 d. SUSITARIMAS &#8220;D\u0116L KOLEKTYVIN\u0116S SUTARTIES PAKEITIMO IR PAPILDYMO&#8221; <\/p>\n\n\n\n<div data-wp-interactive=\"core\/file\" class=\"wp-block-file\"><object data-wp-bind--hidden=\"!state.hasPdfPreview\" hidden class=\"wp-block-file__embed\" data=\"https:\/\/profesinesajunga.eu\/wp-content\/uploads\/2026\/03\/Susitarimas-prie-Kolektyvines-sutarties-2026-03-31.pdf\" type=\"application\/pdf\" style=\"width:100%;height:600px\" aria-label=\"Susitarimas prie Kolektyvines sutarties 2026-03-31 \u012fterpimas.\"><\/object><a id=\"wp-block-file--media-7f457c48-e907-4bae-b678-d5d5120862a1\" href=\"https:\/\/profesinesajunga.eu\/wp-content\/uploads\/2026\/03\/Susitarimas-prie-Kolektyvines-sutarties-2026-03-31.pdf\">Susitarimas prie Kolektyvines sutarties 2026-03-31<\/a><a href=\"https:\/\/profesinesajunga.eu\/wp-content\/uploads\/2026\/03\/Susitarimas-prie-Kolektyvines-sutarties-2026-03-31.pdf\" class=\"wp-block-file__button wp-element-button\" download aria-describedby=\"wp-block-file--media-7f457c48-e907-4bae-b678-d5d5120862a1\">Parsisi\u0173sti<\/a><\/div>\n\n\n\n<hr class=\"wp-block-separator has-alpha-channel-opacity\"\/>\n\n\n\n<p>2025 m. lapkri\u010dio 20 d. SUSITARIMAS &#8220;D\u0116L 2024 M. RUGPJ\u016a\u010cIO 30 D. KOLEKTYVIN\u0116S SUTARTIES NR. PV3-879 PAKEITIMO IR PAPILDYMO&#8221; NR. PV3-1047<\/p>\n\n\n\n<hr class=\"wp-block-separator has-alpha-channel-opacity\"\/>\n\n\n\n<p>2025 m. rugs\u0117jo 29 d. <em>SUSITARIMAS PRIE 2024 M. RUGPJ\u016a\u010cIO 30 D. KOLEKTYVIN\u0116S SUTARTIES<\/em> <em>NR. PV-3-879<\/em><\/p>\n\n\n\n<hr class=\"wp-block-separator has-alpha-channel-opacity\"\/>\n\n\n\n<p>2024 m. rugs\u0117jo 30 d. <em>KOLEKTYVIN\u0116 SUTARTIS NR. PV-3-879<\/em><\/p>\n\n\n\n<div data-wp-interactive=\"core\/file\" class=\"wp-block-file\"><object data-wp-bind--hidden=\"!state.hasPdfPreview\" hidden class=\"wp-block-file__embed\" data=\"https:\/\/profesinesajunga.eu\/wp-content\/uploads\/2024\/08\/KOLEKTYVINE-SUTARTIS.pdf\" type=\"application\/pdf\" style=\"width:100%;height:600px\" aria-label=\"KOLEKTYVINE-SUTARTIS \u012fterpimas.\"><\/object><a id=\"wp-block-file--media-19847eda-3a34-40fe-995f-cf2dd8a01b8e\" href=\"https:\/\/profesinesajunga.eu\/wp-content\/uploads\/2024\/08\/KOLEKTYVINE-SUTARTIS.pdf\">KOLEKTYVINE-SUTARTIS<\/a><a href=\"https:\/\/profesinesajunga.eu\/wp-content\/uploads\/2024\/08\/KOLEKTYVINE-SUTARTIS.pdf\" class=\"wp-block-file__button wp-element-button\" download aria-describedby=\"wp-block-file--media-19847eda-3a34-40fe-995f-cf2dd8a01b8e\">Parsisi\u0173sti<\/a><\/div>\n","protected":false},"excerpt":{"rendered":"<p>2026 m. kovo 31 d. SUSITARIMAS &#8220;D\u0116L KOLEKTYVIN\u0116S SUTARTIES PAKEITIMO IR PAPILDYMO&#8221; 2025 m. lapkri\u010dio 20 d. SUSITARIMAS &#8220;D\u0116L 2024 M. RUGPJ\u016a\u010cIO 30 D. KOLEKTYVIN\u0116S SUTARTIES NR. PV3-879 PAKEITIMO IR PAPILDYMO&#8221; NR. PV3-1047 2025 m. rugs\u0117jo 29 d. SUSITARIMAS PRIE 2024 M. RUGPJ\u016a\u010cIO 30 D. KOLEKTYVIN\u0116S SUTARTIES NR. PV-3-879 2024 m. rugs\u0117jo 30 d. KOLEKTYVIN\u0116 &#8230; <a title=\"NVSPL kolektyvin\u0117 sutartis\" class=\"read-more\" href=\"https:\/\/profesinesajunga.eu\/index.php\/kolektyvines-sutartys\/nvspl-kolektyvine-sutartis\/\" aria-label=\"More on NVSPL kolektyvin\u0117 sutartis\">Skaityti toliau<\/a><\/p>\n","protected":false},"author":1,"featured_media":0,"parent":70,"menu_order":1,"comment_status":"closed","ping_status":"closed","template":"","meta":{"jetpack_post_was_ever_published":false,"footnotes":""},"class_list":["post-295","page","type-page","status-publish"],"jetpack_sharing_enabled":true,"_links":{"self":[{"href":"https:\/\/profesinesajunga.eu\/index.php\/wp-json\/wp\/v2\/pages\/295","targetHints":{"allow":["GET"]}}],"collection":[{"href":"https:\/\/profesinesajunga.eu\/index.php\/wp-json\/wp\/v2\/pages"}],"about":[{"href":"https:\/\/profesinesajunga.eu\/index.php\/wp-json\/wp\/v2\/types\/page"}],"author":[{"embeddable":true,"href":"https:\/\/profesinesajunga.eu\/index.php\/wp-json\/wp\/v2\/users\/1"}],"replies":[{"embeddable":true,"href":"https:\/\/profesinesajunga.eu\/index.php\/wp-json\/wp\/v2\/comments?post=295"}],"version-history":[{"count":5,"href":"https:\/\/profesinesajunga.eu\/index.php\/wp-json\/wp\/v2\/pages\/295\/revisions"}],"predecessor-version":[{"id":438,"href":"https:\/\/profesinesajunga.eu\/index.php\/wp-json\/wp\/v2\/pages\/295\/revisions\/438"}],"up":[{"embeddable":true,"href":"https:\/\/profesinesajunga.eu\/index.php\/wp-json\/wp\/v2\/pages\/70"}],"wp:attachment":[{"href":"https:\/\/profesinesajunga.eu\/index.php\/wp-json\/wp\/v2\/media?parent=295"}],"curies":[{"name":"wp","href":"https:\/\/api.w.org\/{rel}","templated":true}]}}